 80. What is the units digit of x(i)?
0
Let k(c) = c**3 + 7*c**2 - 3*c - 1. Let v(q) be the first derivative of q**4/4 - 7*q**3 + 21*q**2/2 - 24*q - 5. Let t be v(20). What is the units digit of k(t)?
9
Let p(s) = s**2 - 5*s + 191. Suppose -1943 = 34*w - 719. What is the units digit of p(w)?
7
Let b(j) = -9*j**3 + 52*j**2 + 373*j. What is the tens digit of b(-8)?
5
Let g(c) = c**2 + 4*c + 30. Let w be (-16)/(-1) + (-8)/(0 - 4). Let x be g(w). Suppose 7*l - x = 3*l - j, -5*j = 2*l - 204. What is the units digit of l?
7
What is the units digit of 0/(-26) + (29387/4 - (-7)/28)?
7
Let x be 14195/(-70)*-24 - 1/(-7). Suppose -3*m + 4*d + x = 0, 86 = -m + 3*d + 1715. What is the units digit of m?
7
Let j(d) = -1383*d + 1400. What is the ten thousands digit of j(-45)?
6
Let n be -14 + -2 + (7 - 1). What is the tens digit of 2*n*(-23)/2?
3
Let i be 24/3*1 - -2. Let v be (47 - 3)*55/i. What is the tens digit of 1/(3 - v/81)?
8
Let w(o) = o**3 - 13*o**2 + 2*o - 10. Let p = 89 - 75. Let q be w(p). Let l = q + -128. What is the units digit of l?
6
What is the ten thousands digit of 4 + (-372)/90 - (-618634)/60*2?
2
Suppose 0 = 32*x - 198361 - 46919. What is the units digit of x?
5
Let x = 39423 + -27451. What is the units digit of x?
2
Suppose 4*l - 4060 = -4*n, -5*l + 0*n = 4*n - 5074. Suppose -o - z + 346 = 0, 0*z = 3*o - 3*z - l. What is the units digit of o?
2
Let t(g) = -8*g + 30. Let o be (-21)/15 + 1 + (-429)/65. What is the tens digit of t(o)?
8
Let c = 30682 - 1486. What is the hundreds digit of c?
1
Let n = -1936 + 4076. What is the hundreds digit of n?
1
Let l = -20 - -46. Let s = -333 - -333. Suppose s*v = -2*v + p + l, 0 = -3*p. What is the units digit of v?
3
Let v(u) = 8*u - 33 - 7*u - 36*u. What is the hundreds digit of v(-12)?
3
Let c(x) = 12*x**2 + 9*x - 85. Let t be c(12). Suppose -8021 = -14*q + t. What is the tens digit of q?
9
Suppose 64*s - 66*s = -404. Suppose 2*w = 3*w - s. What is the tens digit of w?
0
Let v(p) be the third derivative of -p**6/6 + p**5/20 + p**4/8 + p**3/2 - 30*p**2. Suppose 5*x - 4 = 7*x. What is the units digit of v(x)?
9
Let p(t) = t**3 - 10*t**2 - 5*t - 15. Let n be p(11). Suppose n = -6*c - 159. What is the tens digit of 2 - (-90)/c - (-1534)/14?
0
Let g = -1382 + 1788. What is the units digit of g?
6
Suppose -3*f + 6322 - 1117 = 0. Suppose 0 = j - 5*b + 1747, 3*b - 2*b - f = j. What is the units digit of 5/(-30) + j/(-24)?
2
Let h(z) = 12*z**2 + 40*z - 15*z**2 + 14 + 7*z. What is the tens digit of h(14)?
8
Let n = 1 - 4. Let h be 3 - -2 - (-13 - 90/(-5)). What is the hundreds digit of 142/(-3)*n - h?
1
Let n(l) = -3*l**3 + 30*l**2 + 5*l. Suppose 0 = -30*f + 28*f + 14. What is the hundreds digit of n(f)?
4
Let d = 36 + -15. Suppose 3 - d = -2*o. Suppose 2*l = -3*p + 64, 4*l + 7 + o = 0. What is the units digit of p?
4
Let u(y) = -268*y - 111. Let z(r) = -268*r - 112. Let h(m) = 6*u(m) - 7*z(m). What is the hundreds digit of h(2)?
6
Suppose -4*b + 745 - 8101 = 0. What is the units digit of -8 - -11 - b/3?
6
Let j = 191 - 191. Suppose -5*b - 22*b + 24651 = j. What is the hundreds digit of b?
9
Let y(f) = -f**2 + 4*f + 2. Let r be y(4). Let v = -2071 + 2078. What is the units digit of (v - 6)/(r + -1)?
1
Let k = -28 + -25. Let u = k - -349. Suppose 2*a = -6*a + u. What is the tens digit of a?
3
Suppose -10571 - 5677 = -8*u. Suppose -d = -4*o + 2110, -5*d - 71 - u = -4*o. What is the units digit of o?
8
Suppose 0 = -5*k - 2*q + 20784, 2*k - 52*q - 8304 = -56*q. What is the tens digit of k?
5
Let k(p) = -406*p**3 - 4*p**2 + 17*p + 34. What is the hundreds digit of k(-6)?
4
Suppose v + 41 = -135. Let m = 468 - v. What is the hundreds digit of m?
6
Suppose -8 = 5*i - 23. Suppose -5*r = -4*j - 2598, 1047 = -r + i*r + j. What is the tens digit of r?
2
Let o = 283 + -278. Suppose -23 + 12 = -m - 5*z, o*m - 2*z = 1. What is the units digit of m?
1
Let x = 476 + -363. Let p = x + -29. What is the units digit of p?
4
Let w = -3557 + 7865. What is the hundreds digit of w?
3
Let z be 8/16 - (-1)/2 - -1. What is the hundreds digit of (5 - -1551)/z + -6?
7
Suppose 3*d - 2*f = 1738, -1215 = -3*d - 3*f + 513. Let o = d + 197. What is the hundreds digit of o?
7
Suppose -3*b + 2306 + 2026 = 0. Suppose d + b = 5*z, 4*z + 2*d - 1153 = 5*d. What is the units digit of z?
9
What is the tens digit of 18262/(-1191)*(23038/(-22) + 6/33)?
5
Let x be (-2)/4*(-2 + -8). Suppose -x*o - 19 = -59. Suppose -o*d = -15*d + 28. What is the units digit of d?
4
Let t = 20 - 18. Suppose -4*n - 3*r = 4, -2*r - 6 = t*n - 2. What is the units digit of (80/12)/n*(-162)/(-15)?
6
What is the tens digit of (46 + -538)*(-394)/8?
3
Let b be ((-84)/49)/((-1)/2114). Suppose -429*s + 433*s = b. What is the tens digit of s?
0
Suppose -l = -3*s + 173, l + 2*s = -3*s - 157. What is the tens digit of -10 - l - 4/(-2)?
5
Suppose 0 = 2*h - z - 6127, -7*h + 2*z + 15317 = -2*h. Suppose -3*v = -4*m - 359 - h, 1138 = v - 4*m. What is the thousands digit of v?
1
Suppose -60*v = -61*v + 7. Suppose -v*a = a - 176. Let s = a - -52. What is the units digit of s?
4
What is the tens digit of (18 + -19)*671673/(-24) - 18/48?
8
Let o be 429 - (4 + -6)/(-2). Suppose 2*d + 4*k - o = 994, 3*d + 2*k - 2137 = 0. What is the hundreds digit of d?
7
Suppose -w + 4 = 2. Suppose 0 = -s - 5, -19 = w*v + 6*s - s. Suppose 0*c + 374 = v*k + 2*c, -25 = 5*c. What is the units digit of k?
8
Let l = -5588 + 9107. What is the tens digit of l?
1
Let o be (-3)/(4/4748*-3). Suppose -3*t + o = r, 7*t = 5*t + 2*r + 778. What is the tens digit of t?
9
Let z = 10321 - 7355. What is the tens digit of z?
6
Let t(l) = 2453*l**2 + 98*l - 241. What is the ten thousands digit of t(3)?
2
Let f = 2617 - 1698. Suppose 11*y - 257 = 29. Suppose 0 = -9*h + f + y. What is the hundreds digit of h?
1
Suppose -21043 = -2*q - 39*o + 30*o, 5*o = -2*q + 21039. What is the tens digit of q?
1
Suppose 27*l - 32*l + 535 = 0. What is the units digit of l?
7
Let j(q) = 138*q - 120. What is the units digit of j(85)?
0
Let h be (-1)/8*-6 + 759/12. Let i = h + -64. Suppose -55*o + 57*o - 42 = i. What is the units digit of o?
1
Suppose 5*n - 19620 = -3*u, 617 = -n + 4*u + 4518. Suppose -n = 44*d - 23633. What is the hundreds digit of d?
4
Let q(f) = f**3 + 22*f**2 - 48*f - 24. Let r be q(-24). Let c be (8/r)/((-1)/177)*5. Let d = 520 - c. What is the units digit of d?
5
Let j(b) = -132*b - 408. What is the tens digit of j(-6)?
8
Suppose -31*f = 91*f - 1166076. What is the hundreds digit of f?
5
Suppose 5*x + 22 = 12, -d + 4*x - 759 = 0. Let i = 1328 + d. What is the tens digit of i?
6
What is the hundreds digit of 1456/(-21)*(-147)/(-28)*-19?
9
Let b(a) = a + 1. Let q be b(5). Suppose q*i - 16 = 32. Let z(o) = 15*o + 3. What is the hundreds digit of z(i)?
1
Let y(l) be the second derivative of l**5/2 - l**3/6 + 233*l. What is the hundreds digit of y(3)?
2
Let q = -109 + 235. Suppose -10*x = -3*x - q. What is the units digit of -3*3/x*13*-22?
3
Suppose 3*f = -0*f + 6. Suppose -5*k + 1749 = -f*k. Suppose -7*s - 3*t = -2*s - 731, 3*t = -4*s + k. What is the tens digit of s?
4
Suppose 11*o = -42341 + 4842. Let w = -1624 - o. What is the hundreds digit of w?
7
Let s(l) = -130*l - 1. Let p be s(-5). Let x = -12258 + 11795. Let y = p + x. What is the tens digit of y?
8
Suppose -6*c - 511 = -535. Suppose 4*w - 2983 = -3*a + 4*a, 2*a = -c*w + 2986. What is the hundreds digit of w?
7
Let v(k) = -k**2 + 5*k - 1. Let c be v(3). Let j be (-2)/(-35)*c - 19/(-7). Suppose j*a - 247 = -73. What is the units digit of a?
8
Let n = -27 + 30. Let r be 4/n - (-2)/3. Suppose r*c = 4 + 24. What is the units digit of c?
4
Suppose -72*m + 10*m + 4873386 = 71*m. What is the tens digit of m?
4
Suppose 0 = 4*g - 2*g + 122. Let c = g + 75. What is the units digit of c?
4
Suppose 71*a + 6 = 74*a. Let y be 5/4*(-4)/(-10)*a. What is the units digit of (856/12)/y + (-4)/12?
1
Let i(l) = -6*l - 33. Let f be i(-23). Let n be (-4)/12 - 240/9. Let c = f + n. What is the tens digit of c?
7
Suppose 0 = -2*p - 2, 5*p - 7082 - 19083 = -5*b. What is the units digit of b?
4
Let o = -12781 + 24333. What is the hundreds digit of o?
5
Suppose 0 = 2*s, 3*k - 4*s = -0*k + 162. Let q = k - 36. Suppose n = 57 + q. What is the tens digit of n?
7
What is the thousands digit of ((-1